1083.
83, 7001
What are the prime factors of 28436?
2, 7109
What are the prime factors of 56456?
2, 7057
What are the prime factors of 419638?
2, 209819
What are the prime factors of 11292375?
3, 5, 30113
What are the prime factors of 80056?
2, 10007
List the prime factors of 186490.
2, 5, 17, 1097
What are the prime factors of 6382772?
2, 11, 145063
What are the prime factors of 179987?
19, 9473
What are the prime factors of 1453848?
2, 3, 11, 5507
What are the prime factors of 25350455?
5, 13, 67, 5821
What are the prime factors of 1537193?
7, 219599
What are the prime factors of 27881099?
59, 472561
List the prime factors of 28919.
11, 239
List the prime factors of 18017478.
2, 3, 131, 283
What are the prime factors of 1830701?
1830701
List the prime factors of 1309293.
3, 145477
List the prime factors of 19552353.
3, 619, 10529
List the prime factors of 7810235.
5, 19, 4327
List the prime factors of 1068863.
257, 4159
What are the prime factors of 1420275?
3, 5, 29, 653
List the prime factors of 764719.
764719
What are the prime factors of 277660?
2, 5, 13883
What are the prime factors of 2797053?
3, 7, 23, 5791
List the prime factors of 22891619.
223, 102653
List the prime factors of 12755106.
2, 3, 7, 13, 599
What are the prime factors of 159345?
3, 5, 3541
What are the prime factors of 526021?
103, 5107
What are the prime factors of 2355464?
2, 79, 3727
What are the prime factors of 3728858?
2, 7, 83, 3209
List the prime factors of 644660.
2, 5, 32233
What are the prime factors of 365485?
5, 67, 1091
List the prime factors of 699821.
23, 30427
List the prime factors of 17254077.
3, 5751359
What are the prime factors of 2317210?
2, 5, 7, 4729
What are the prime factors of 3107529?
3, 449, 769
List the prime factors of 1110756.
2, 3, 151, 613
List the prime factors of 451296.
2, 3, 1567
List the prime factors of 622021.
29, 89, 241
What are the prime factors of 4032759?
3, 31, 103, 421
What are the prime factors of 10672097?
59, 180883
List the prime factors of 1514312.
2, 73, 2593
What are the prime factors of 32127?
3, 10709
What are the prime factors of 253504?
2, 17, 233
List the prime factors of 4288256.
2, 7, 2393
List the prime factors of 65930.
2, 5, 19, 347
List the prime factors of 337436.
2, 11, 7669
What are the prime factors of 258737?
258737
List the prime factors of 5399704.
2, 31, 21773
List the prime factors of 5464820.
2, 5, 17, 16073
List the prime factors of 479862.
2, 3, 53, 503
List the prime factors of 826305.
3, 5, 31, 1777
List the prime factors of 1201654.
2, 600827
What are the prime factors of 355188?
2, 3, 29599
List the prime factors of 1489532.
2, 11, 97, 349
What are the prime factors of 8267?
7, 1181
What are the prime factors of 19515473?
17, 1147969
What are the prime factors of 1015738?
2, 191, 2659
What are the prime factors of 4024634?
2, 2012317
What are the prime factors of 215657?
13, 53, 313
What are the prime factors of 68690?
2, 5, 6869
List the prime factors of 13566798.
2, 3, 7, 19, 1889
What are the prime factors of 1563815?
5, 11, 28433
What are the prime factors of 34576622?
2, 107, 161573
List the prime factors of 5836735.
5, 1167347
What are the prime factors of 3808369?
71, 53639
List the prime factors of 1132827.
3, 29, 449
List the prime factors of 406913.
13, 113, 277
What are the prime factors of 555348?
2, 3, 46279
List the prime factors of 167588.
2, 41897
What are the prime factors of 16169?
19, 23, 37
List the prime factors of 1743181.
11, 37, 4283
What are the prime factors of 874354?
2, 13, 33629
List the prime factors of 23311252.
2, 19, 306727
List the prime factors of 3093632.
2, 24169
List the prime factors of 8125585.
5, 13, 41, 3049
What are the prime factors of 841729?
7, 120247
List the prime factors of 699977.
293, 2389
What are the prime factors of 3935433?
3, 307, 4273
List the prime factors of 481775.
5, 7, 2753
What are the prime factors of 2289994?
2, 7, 19, 8609
What are the prime factors of 8425409?
1481, 5689
What are the prime factors of 328330?
2, 5, 32833
What are the prime factors of 54143?
29, 1867
List the prime factors of 27942.
2, 3, 4657
What are the prime factors of 64011?
3, 19, 1123
What are the prime factors of 1189057?
1189057
What are the prime factors of 1104665?
5, 220933
List the prime factors of 903989.
43, 21023
List the prime factors of 6824428.
2, 13, 37, 3547
List the prime factors of 1324319.
19, 47, 1483
List the prime factors of 2479433.
11, 17, 13259
What are the prime factors of 17732070?
2, 3, 5, 197023
What are the prime factors of 17571703?
17571703
What are the prime factors of 784891?
89, 8819
What are the prime factors of 2276801?
1213, 1877
What are the prime factors of 2406947?
2406947
List the prime factors of 1483282.
2, 741641
What are the prime factors of 30496489?
30496489
What are the prime factors of 7920266?
2, 17, 281, 829
List the prime factors of 11815015.
5, 1151, 2053
What are the prime factors of 11154456?
2, 3, 113, 457
What are the prime factors of 6901338?
2, 3, 677, 1699
List the prime factors of 19970522.
2, 11, 13, 69827
List the prime factors of 1650535.
5, 29, 11383
List the prime factors of 2537380.
2, 5, 293, 433
What are the prime factors of 7008011?
43, 79, 2063
What are the prime factors of 93121?
7, 53, 251
What are the prime factors of 2701058?
2, 167, 8087
What are the prime factors of 2835530?
2, 5, 283553
List the prime factors of 320119.
320119
What are the prime factors of 665928?
2, 3, 3083
What are the prime factors of 1162089?
3, 129121
What are the prime factors of 39496?
2, 4937
What are the prime factors of 2506218?
2, 3, 11, 13, 23, 127
List the prime factors of 1077210.
2, 3, 5, 11969
List the prime factors of 5168297.
269, 19213
List the prime factors of 202442.
2, 101221
What are the prime factors of 1000429?
1000429
What are the prime factors of 844579?
97, 8707
List the prime factors of 729831.
3, 67, 3631
What are the prime factors of 429639?
3, 7, 41, 499
What are the prime factors of 4299626?
2, 2149813
List the prime factors of 135729.
3, 11, 457
List the prime factors of 507870.
2, 3, 5, 11, 19
What are the prime factors of 3817305?
3, 5, 41, 2069
List the prime factors of 7289974.
2, 17, 149, 1439
List the prime factors of 1752361.
13, 10369
What are the prime factors of 249180?
2, 3, 5, 4153
List the prime factors of 627704.
2, 7, 11, 1019
What are the prime factors of 16596400?
2, 5, 41491
List the prime factors of 1025486.
2, 7, 11, 6659
List the prime factors of 1549939.
563, 2753
List the prime factors of 57964.
2, 43, 337
List the prime factors of 3524343.
3, 1174781
What are the prime factors of 1295336?
2, 7, 23131
List the prime factors of 5382751.
11, 199, 2459
What are the prime factors of 291995?
5, 11, 5309
List the prime factors of 1193810.
2, 5, 31, 3851
List the prime factors of 375183.
3, 41687
What are the prime factors of 530479?
127, 4177
What are the prime factors of 2027466?
2, 3, 7, 16091
What are the prime factors of 1393437?
3, 464479
List the prime factors of 1545459.
3, 515153
List the prime factors of 860306.
2, 443, 971
What are the prime factors of 335389?
31, 349
What are the prime factors of 4412998?
2, 2206499
What are the prime factors of 1043300?
2, 5, 10433
What are the prime factors of 4020416?
2, 62819
What are the prime factors of 4839587?
4839587
List the prime factors of 2698701.
3, 61, 14747
List the prime factors of 571054.
2, 11, 101, 257
What are the prime factors of 129073?
7, 18439
What are the prime factors of 9759927?
3, 41, 79349
What are the prime factors of 1316894?
2, 658447
What are the prime factors of 658159?
658159
What are the prime factors of 10692093?
3, 317, 11243
List the prime factors of 95572.
2, 23893
List the prime factors of 8415117.
3, 227, 1373
List the prime factors of 119381.
31, 3851
List the prime factors of 15935.
5, 3187
What are the prime factors of 649625?
5, 5197
What are the prime factors of 5350223?
17, 314719
What are the prime factors of 2024189?
419, 4831
List the prime factors of 6723243.
3, 83003
List the prime factors of 2532344.
2, 349, 907
What are the prime factors of 1230797?
61, 20177
List the prime factors of 7330.
2, 5, 733
List the prime factors of 8069151.
3, 2689717
What are 